17 and 4781?
683
What is the highest common divisor of 95496 and 1656?
552
Calculate the highest common divisor of 30 and 3559275.
15
Calculate the greatest common divisor of 9579 and 75237.
93
What is the greatest common factor of 1136 and 20464?
16
What is the greatest common divisor of 129 and 2908477?
43
Calculate the highest common divisor of 3870 and 41325.
15
What is the greatest common divisor of 8717 and 35765?
23
What is the highest common divisor of 37 and 1783585?
37
Calculate the highest common divisor of 912 and 3504.
48
What is the greatest common factor of 40750 and 3586?
326
Calculate the greatest common divisor of 164061 and 18.
9
Calculate the greatest common divisor of 601 and 1330013.
601
What is the greatest common divisor of 38895 and 80?
5
Calculate the greatest common factor of 3480 and 2490.
30
Calculate the greatest common divisor of 894064 and 38.
38
What is the greatest common factor of 30654 and 31833?
1179
Calculate the greatest common divisor of 8413468 and 28.
28
Calculate the greatest common factor of 145 and 151.
1
Calculate the highest common factor of 9580 and 9220.
20
Calculate the greatest common divisor of 6226 and 38742.
22
Calculate the greatest common divisor of 5700 and 1480575.
1425
Calculate the highest common divisor of 6177 and 6603.
213
What is the greatest common divisor of 27 and 1251369?
27
Calculate the greatest common divisor of 26332 and 2497.
227
What is the greatest common divisor of 4964 and 13396?
68
Calculate the greatest common divisor of 99392 and 128.
64
Calculate the greatest common factor of 34 and 540.
2
Calculate the greatest common factor of 158 and 218198.
158
Calculate the highest common factor of 5551349 and 46.
23
What is the greatest common divisor of 96 and 225768?
24
What is the greatest common divisor of 61884 and 27?
27
Calculate the greatest common factor of 144 and 69588.
36
What is the highest common factor of 3213 and 238?
119
What is the greatest common divisor of 616 and 318241?
77
What is the greatest common divisor of 62 and 98146?
62
Calculate the highest common divisor of 60827 and 39.
13
What is the greatest common divisor of 390929 and 154?
77
What is the greatest common factor of 90 and 108126?
18
Calculate the highest common divisor of 5762 and 5418.
86
Calculate the highest common factor of 1324 and 24.
4
Calculate the highest common divisor of 30794 and 1384.
346
Calculate the greatest common divisor of 2591 and 3.
1
Calculate the greatest common divisor of 5126 and 726.
22
What is the highest common factor of 5198 and 1334?
46
Calculate the greatest common factor of 44127 and 126.
9
What is the greatest common factor of 5482458 and 162?
54
What is the highest common divisor of 50310 and 468?
234
Calculate the highest common divisor of 1038 and 2586.
6
Calculate the highest common factor of 102364 and 10048.
628
What is the greatest common factor of 90 and 1295?
5
What is the highest common divisor of 2570 and 150?
10
Calculate the greatest common divisor of 453585 and 120.
15
Calculate the highest common divisor of 8 and 50488.
8
What is the highest common factor of 24 and 2673512?
8
Calculate the greatest common divisor of 31067 and 235.
47
Calculate the greatest common divisor of 7290 and 4410.
90
Calculate the highest common divisor of 18 and 165636.
18
What is the greatest common divisor of 3916 and 154?
22
Calculate the highest common factor of 10918 and 3233.
53
Calculate the greatest common factor of 5341 and 16677.
109
Calculate the greatest common divisor of 57 and 319751.
19
What is the greatest common factor of 275 and 803?
11
What is the highest common divisor of 88 and 52712?
88
What is the highest common divisor of 401205 and 105?
105
Calculate the highest common factor of 459 and 2041173.
459
What is the greatest common factor of 395512 and 416?
104
Calculate the highest common divisor of 3295 and 952914.
659
What is the highest common divisor of 6192 and 23564?
172
What is the highest common factor of 120 and 9680?
40
What is the highest common divisor of 6097 and 130851?
469
Calculate the greatest common divisor of 301 and 3864.
7
What is the greatest common divisor of 40 and 605480?
40
What is the greatest common divisor of 83781 and 11449?
107
What is the highest common divisor of 56 and 13454?
14
What is the greatest common factor of 92619 and 1025?
41
What is the highest common factor of 16 and 6148?
4
What is the greatest common factor of 14 and 359604?
14
Calculate the greatest common factor of 13692 and 3728136.
1956
What is the highest common factor of 227487 and 9633?
741
Calculate the highest common divisor of 39407 and 502.
251
What is the highest common factor of 833 and 3337831?
833
What is the greatest common factor of 124944 and 1200?
48
Calculate the highest common divisor of 209 and 10329.
11
Calculate the greatest common divisor of 25421 and 22.
11
Calculate the highest common divisor of 581446 and 215.
43
What is the highest common factor of 12636 and 648?
324
Calculate the greatest common factor of 46 and 2201169.
23
What is the greatest common divisor of 15 and 592305?
15
Calculate the highest common factor of 6677 and 19393.
11
What is the highest common factor of 242 and 2794?
22
Calculate the greatest common divisor of 1536684 and 444.
444
What is the highest common divisor of 18180 and 1764?
36
Calculate the greatest common divisor of 184 and 12328.
184
What is the greatest common divisor of 60627 and 1197?
21
What is the highest common factor of 609730 and 506?
506
Calculate the highest common divisor of 586080 and 962.
74
What is the highest common divisor of 21158 and 8046?
298
Calculate the highest common divisor of 87983 and 7.
7
Calculate the greatest common divisor of 7801 and 928.
29
What is the greatest common factor of 410 and 210?
10
What is the greatest common factor of 13536446 and 866?
866
What is the greatest common factor of 4733669 and 74?
37
Calculate the greatest common factor of 9322 and 1888.
118
What is the highest common divisor of 9368 and 3352?
8
Calculate the highest common divisor of 135 and 341793.
27
Calculate the greatest common factor of 450 and 18.
18
What is the greatest common factor of 6394 and 6256?
46
Calculate the highest common divisor of 6952 and 56485.
869
Calculate the greatest common divisor of 152492 and 804.
268
What is the highest common factor of 14784 and 1792?
448
Calculate the greatest common factor of 1625 and 400.
25
What is the highest common factor of 9 and 1108089?
9
What is the greatest common divisor of 1424 and 3471?
89
Calculate the highest common divisor of 5768 and 1339.
103
Calculate the highest common factor of 65952 and 6.
6
Calculate the highest common factor of 2524689 and 426.
213
Calculate the highest common divisor of 637 and 26.
13
What is the greatest common divisor of 1100 and 11660?
220
Calculate the greatest common factor of 79827 and 984.
123
What is the greatest common divisor of 27977 and 6969?
101
Calculate the highest common factor of 2457 and 5229.
63
Calculate the greatest common factor of 217 and 1209341.
217
What is the greatest common factor of 66 and 127578?
66
What is the greatest common factor of 49776 and 48?
48
Calculate the greatest common divisor of 146 and 15382560.
146
What is the highest common divisor of 327 and 12?
3
Calculate the highest common divisor of 13623 and 1197.
57
Calculate the greatest common divisor of 5378139 and 387.
387
Calculate the highest common divisor of 1 and 1217143.
1
What is the highest common factor of 656 and 14596?
164
What is the highest common factor of 33465 and 285?
15
Calculate the greatest common factor of 6500 and 3077100.
1300
What is the highest common divisor of 2165378 and 244?
122
What is the highest common divisor of 3455299 and 47?
47
What is the greatest common factor of 153432 and 78?
6
What is the greatest common factor of 57887 and 8656?
541
Calculate the greatest common divisor of 85257 and 9.
9
Calculate the highest common divisor of 15 and 23505.
15
Calculate the highest common divisor of 78190 and 350.
70
What is the highest common factor of 116515 and 7?
7
Calculate the greatest common factor of 29464 and 377.
29
What is the greatest common divisor of 820 and 2